91 is divided by 8.
3
Calculate the remainder when 155 is divided by 9.
2
Calculate the remainder when 368 is divided by 10.
8
What is the remainder when 917 is divided by 14?
7
What is the remainder when 1218 is divided by 600?
18
Calculate the remainder when 158 is divided by 119.
39
Calculate the remainder when 648 is divided by 31.
28
What is the remainder when 1121 is divided by 281?
278
Calculate the remainder when 339 is divided by 85.
84
What is the remainder when 1918 is divided by 48?
46
Calculate the remainder when 410 is divided by 206.
204
Calculate the remainder when 89 is divided by 53.
36
Calculate the remainder when 240 is divided by 74.
18
Calculate the remainder when 770 is divided by 55.
0
Calculate the remainder when 389 is divided by 137.
115
Calculate the remainder when 4910 is divided by 182.
178
Calculate the remainder when 244 is divided by 67.
43
Calculate the remainder when 4128 is divided by 81.
78
Calculate the remainder when 181 is divided by 19.
10
Calculate the remainder when 43 is divided by 12.
7
What is the remainder when 162 is divided by 14?
8
What is the remainder when 488 is divided by 171?
146
Calculate the remainder when 4199 is divided by 247.
0
Calculate the remainder when 251 is divided by 9.
8
Calculate the remainder when 617 is divided by 104.
97
Calculate the remainder when 87 is divided by 32.
23
Calculate the remainder when 61 is divided by 8.
5
What is the remainder when 3056 is divided by 221?
183
Calculate the remainder when 32174 is divided by 11.
10
What is the remainder when 7343 is divided by 153?
152
Calculate the remainder when 296 is divided by 9.
8
What is the remainder when 599 is divided by 12?
11
What is the remainder when 1784 is divided by 14?
6
What is the remainder when 273 is divided by 140?
133
What is the remainder when 298 is divided by 25?
23
What is the remainder when 91 is divided by 89?
2
Calculate the remainder when 61 is divided by 32.
29
Calculate the remainder when 257 is divided by 31.
9
What is the remainder when 573 is divided by 7?
6
What is the remainder when 329 is divided by 19?
6
What is the remainder when 207 is divided by 19?
17
What is the remainder when 1885 is divided by 23?
22
Calculate the remainder when 1216 is divided by 373.
97
Calculate the remainder when 2161 is divided by 70.
61
What is the remainder when 101 is divided by 32?
5
Calculate the remainder when 1693 is divided by 32.
29
Calculate the remainder when 215 is divided by 9.
8
What is the remainder when 10348 is divided by 18?
16
What is the remainder when 216 is divided by 22?
18
What is the remainder when 418 is divided by 10?
8
Calculate the remainder when 2379 is divided by 23.
10
Calculate the remainder when 489 is divided by 242.
5
Calculate the remainder when 723 is divided by 25.
23
Calculate the remainder when 78 is divided by 22.
12
What is the remainder when 115 is divided by 42?
31
What is the remainder when 6486 is divided by 103?
100
What is the remainder when 73 is divided by 15?
13
What is the remainder when 214 is divided by 72?
70
Calculate the remainder when 461 is divided by 29.
26
What is the remainder when 2060 is divided by 114?
8
What is the remainder when 539 is divided by 36?
35
What is the remainder when 164 is divided by 7?
3
Calculate the remainder when 114 is divided by 21.
9
What is the remainder when 166 is divided by 86?
80
Calculate the remainder when 73 is divided by 3.
1
Calculate the remainder when 1167 is divided by 39.
36
Calculate the remainder when 446 is divided by 308.
138
What is the remainder when 587 is divided by 85?
77
Calculate the remainder when 178 is divided by 108.
70
Calculate the remainder when 183 is divided by 45.
3
Calculate the remainder when 545 is divided by 110.
105
What is the remainder when 1263 is divided by 90?
3
What is the remainder when 41 is divided by 11?
8
What is the remainder when 6793 is divided by 68?
61
What is the remainder when 202 is divided by 39?
7
What is the remainder when 55 is divided by 28?
27
What is the remainder when 323 is divided by 18?
17
What is the remainder when 1271 is divided by 39?
23
Calculate the remainder when 166 is divided by 56.
54
What is the remainder when 188 is divided by 99?
89
Calculate the remainder when 225 is divided by 207.
18
Calculate the remainder when 13177 is divided by 20.
17
What is the remainder when 2280 is divided by 14?
12
Calculate the remainder when 982 is divided by 30.
22
Calculate the remainder when 267 is divided by 89.
0
What is the remainder when 1658 is divided by 140?
118
What is the remainder when 246 is divided by 81?
3
Calculate the remainder when 329 is divided by 317.
12
What is the remainder when 683 is divided by 100?
83
What is the remainder when 98 is divided by 52?
46
What is the remainder when 268 is divided by 41?
22
What is the remainder when 525 is divided by 11?
8
What is the remainder when 418 is divided by 134?
16
What is the remainder when 2061 is divided by 293?
10
What is the remainder when 91 is divided by 26?
13
Calculate the remainder when 3140 is divided by 37.
32
What is the remainder when 3102 is divided by 50?
2
Calculate the remainder when 1598 is divided by 61.
12
What is the remainder when 3165 is divided by 66?
63
Calculate the remainder when 70 is divided by 38.
32
Calculate the remainder when 366 is divided by 4.
2
Calculate the remainder when 5827 is divided by 99.
85
Calculate the remainder when 13669 is divided by 121.
117
What is the remainder when 5908 is divided by 1968?
4
Calculate the remainder when 408 is divided by 13.
5
Calculate the remainder when 440 is divided by 202.
36
What is the remainder when 737 is divided by 410?
327
Calculate the remainder when 1254 is divided by 626.
2
Calculate the remainder when 1728 is divided by 77.
34
What is the remainder when 404 is divided by 49?
12
What is the remainder when 1539 is divided by 174?
147
What is the remainder when 62 is divided by 20?
2
Calculate the remainder when 68 is divided by 14.
12
What is the remainder when 2187 is divided by 26?
3
Calculate the remainder when 80 is divided by 33.
14
What is the remainder when 358 is divided by 52?
46
What is the remainder when 1851 is divided by 62?
53
What is the remainder when 171 is divided by 147?
24
Calculate the remainder when 203 is divided by 56.
35
What is the remainder when 161 is divided by 37?
13
What is the remainder when 2131 is divided by 51?
40
Calculate the remainder when 454 is divided by 204.
46
Calculate the remainder when 128 is divided by 36.
20
What is the remainder when 1928 is divided by 161?
157
What is the remainder when 15 is divided by 8?
7
What is the remainder when 1104 is divided by 134?
32
What is the remainder when 333 is divided by 56?
53
Calculate the remainder when 7052 is divided by 168.
164
Calculate the remainder when 66 is divided by 34.
32
What is the remainder when 2951 is divided by 24?
23
Calculate the remainder when 567 is divided by 7.
0
What is the remainder when 418 is divided by 4?
2
Calculate the remainder when 562 is divided by 113.
110
Calculate the remainder when 32343 is divided by 311.
310
Calculate the remainder when 45999 is divided by 25.
24
What is the remainder when 1080 is divided by 11?
2
Calculate the remainder when 210 is divided by 53.
51
Calculate the remainder when 324 is divided by 169.
155
What is the remainder when 1601 is divided by 340?
241
Calculate the remainder when 48 is divided by 44.
4
Calculate the remainder when 5057 is divided by 20.
17
What is the remainder when 609 is divided by 126?
105
Calculate the remainder when 234 is divided by 4.
2
Calculate the remainder when 6071 is divided by 92.
91
What is the remainder when 545 is divided by 35?
20
What is the remainder when 1870 is divided by 134?
128
Calculate the remainder when 812 is divided by 294.
224
Calculate the remainder when 717 is divided by 90.
87
Calculate the remainder when 335 is divided by 68.
63
Calculate the remainder when 3547 is divided by 3534.
13
What is the remainder when 1486 is divided by 21?
16
Calculate the remainder when 5115 is divided by 183.
174
Calculate the remainder when 961 is divided by 10.
1
What is the remainder when 1879 is divided by 46?
39
Wha